{"id":45,"date":"2024-03-19T08:24:27","date_gmt":"2024-03-19T11:24:27","guid":{"rendered":"https:\/\/duartedepositoeacabamentos.com.br\/?post_type=product&#038;p=45"},"modified":"2025-07-04T14:24:54","modified_gmt":"2025-07-04T17:24:54","slug":"caixa-de-passagem-10lt-mallton","status":"publish","type":"product","link":"https:\/\/duartedepositoeacabamentos.com.br\/?product=caixa-de-passagem-10lt-mallton","title":{"rendered":"CAIXA DE  PASSAGEM 10LT MALLTON Und. (\u00c0 VISTA)"},"content":{"rendered":"<p>Valor promocional R$56.20: \u00c0 VISTA<\/p>\n<p>Valor a prazo R$64.56: AT\u00c9 10x NO CART\u00c3O<\/p>\n<p>&nbsp;<\/p>\n<p>FECHAMENTO HERM\u00c9TICO EVITANDO MAL CHEIRO<\/p>\n<p>SISTEMA FUNCIONAL DE F\u00c1CIL INSTALA\u00c7\u00c3O E LIMPEZA<\/p>\n<p>ACABAMENTO AJUDA NO ALINHAMENTO COM O PISO<\/p>\n<p>FABRICADA NA COR CINZA, MEDINDO 27 x 27 x 25 cm<\/p>\n<p>POSSUI:<\/p>\n<p>1 SA\u00cdDA DE 100 MM<br \/>\n3 ESTRADAS DE 40 E 50 MM<br \/>\n1 ENTRADA DE 100<\/p>\n<p>CAPACIDADE DE 10 LITROS PESANDO 1,2 Kg<\/p>\n<p>ITENS INCLUSO: CAIXA E TAMPA<\/p>\n<p>PRODUTO ESTA DE ACORDO COM AS NORMAS DA NBR 8160<\/p>\n","protected":false},"excerpt":{"rendered":"<p>Valor promocional R$56.20: \u00c0 VISTA Valor a prazo R$64.56: AT\u00c9 10x NO CART\u00c3O &nbsp; FECHAMENTO HERM\u00c9TICO EVITANDO MAL CHEIRO SISTEMA FUNCIONAL DE F\u00c1CIL INSTALA\u00c7\u00c3O E LIMPEZA ACABAMENTO AJUDA NO ALINHAMENTO COM O PISO FABRICADA NA COR CINZA, MEDINDO 27 x 27 x 25 cm POSSUI: 1 SA\u00cdDA DE 100 MM 3 ESTRADAS DE 40 E &hellip; <\/p>\n<p class=\"link-more\"><a href=\"https:\/\/duartedepositoeacabamentos.com.br\/?product=caixa-de-passagem-10lt-mallton\" class=\"more-link\">Continue reading<span class=\"screen-reader-text\"> &#8220;CAIXA DE  PASSAGEM 10LT MALLTON Und. (\u00c0 VISTA)&#8221;<\/span><\/a><\/p>\n","protected":false},"featured_media":102,"template":"","meta":[],"product_brand":[],"product_cat":[18],"product_tag":[],"class_list":{"0":"post-45","1":"product","2":"type-product","3":"status-publish","4":"has-post-thumbnail","6":"product_cat-hidraulica","8":"first","9":"instock","10":"sale","11":"shipping-taxable","12":"product-type-simple"},"_links":{"self":[{"href":"https:\/\/duartedepositoeacabamentos.com.br\/index.php?rest_route=\/wp\/v2\/product\/45","targetHints":{"allow":["GET"]}}],"collection":[{"href":"https:\/\/duartedepositoeacabamentos.com.br\/index.php?rest_route=\/wp\/v2\/product"}],"about":[{"href":"https:\/\/duartedepositoeacabamentos.com.br\/index.php?rest_route=\/wp\/v2\/types\/product"}],"wp:featuredmedia":[{"embeddable":true,"href":"https:\/\/duartedepositoeacabamentos.com.br\/index.php?rest_route=\/wp\/v2\/media\/102"}],"wp:attachment":[{"href":"https:\/\/duartedepositoeacabamentos.com.br\/index.php?rest_route=%2Fwp%2Fv2%2Fmedia&parent=45"}],"wp:term":[{"taxonomy":"product_brand","embeddable":true,"href":"https:\/\/duartedepositoeacabamentos.com.br\/index.php?rest_route=%2Fwp%2Fv2%2Fproduct_brand&post=45"},{"taxonomy":"product_cat","embeddable":true,"href":"https:\/\/duartedepositoeacabamentos.com.br\/index.php?rest_route=%2Fwp%2Fv2%2Fproduct_cat&post=45"},{"taxonomy":"product_tag","embeddable":true,"href":"https:\/\/duartedepositoeacabamentos.com.br\/index.php?rest_route=%2Fwp%2Fv2%2Fproduct_tag&post=45"}],"curies":[{"name":"wp","href":"https:\/\/api.w.org\/{rel}","templated":true}]}}