{"id":47,"date":"2024-03-19T08:24:27","date_gmt":"2024-03-19T11:24:27","guid":{"rendered":"https:\/\/duartedepositoeacabamentos.com.br\/?post_type=product&#038;p=47"},"modified":"2025-10-03T14:58:00","modified_gmt":"2025-10-03T17:58:00","slug":"caixa-de-passag-inspecao-esgoto","status":"publish","type":"product","link":"https:\/\/duartedepositoeacabamentos.com.br\/?product=caixa-de-passag-inspecao-esgoto","title":{"rendered":"CAIXA DE PASSAGEM INSPE\u00c7\u00c3O ESGOTO Und. (\u00c1 VISTA)"},"content":{"rendered":"<p>Valor promocional R$134.23: \u00c0 VISTA<\/p>\n<p>Valor a prazo R$154.20: AT\u00c9 10x NO CART\u00c3O<\/p>\n<p>&nbsp;<\/p>\n<p>S\u00e3o indicadas para redes enterradas de Drenagem Pluvial at\u00e9 DN 100, em obras resid\u00eancias ou comerciais.<\/p>\n<p>Fabricada em Polipropileno (PP) \u2013 Resistente de f\u00e1cil manuseio e instala\u00e7\u00e3o.<\/p>\n<p>Medidas: 44 x 35 x 41<\/p>\n<p>Peso: 2,6 Kg<\/p>\n<p>Suporta at\u00e9 300 KG.<\/p>\n<p>ITENS INCLUSO: CAIXA E TAMPA<\/p>\n<p>PRODUTO ESTA DE ACORDO COM AS NORMAS DA NBR 8160<\/p>\n","protected":false},"excerpt":{"rendered":"<p>Valor promocional R$134.23: \u00c0 VISTA Valor a prazo R$154.20: AT\u00c9 10x NO CART\u00c3O &nbsp; S\u00e3o indicadas para redes enterradas de Drenagem Pluvial at\u00e9 DN 100, em obras resid\u00eancias ou comerciais. Fabricada em Polipropileno (PP) \u2013 Resistente de f\u00e1cil manuseio e instala\u00e7\u00e3o. Medidas: 44 x 35 x 41 Peso: 2,6 Kg Suporta at\u00e9 300 KG. ITENS &hellip; <\/p>\n<p class=\"link-more\"><a href=\"https:\/\/duartedepositoeacabamentos.com.br\/?product=caixa-de-passag-inspecao-esgoto\" class=\"more-link\">Continue reading<span class=\"screen-reader-text\"> &#8220;CAIXA DE PASSAGEM INSPE\u00c7\u00c3O ESGOTO Und. (\u00c1 VISTA)&#8221;<\/span><\/a><\/p>\n","protected":false},"featured_media":104,"template":"","meta":[],"product_brand":[],"product_cat":[18],"product_tag":[],"class_list":{"0":"post-47","1":"product","2":"type-product","3":"status-publish","4":"has-post-thumbnail","6":"product_cat-hidraulica","8":"first","9":"instock","10":"sale","11":"shipping-taxable","12":"product-type-simple"},"_links":{"self":[{"href":"https:\/\/duartedepositoeacabamentos.com.br\/index.php?rest_route=\/wp\/v2\/product\/47","targetHints":{"allow":["GET"]}}],"collection":[{"href":"https:\/\/duartedepositoeacabamentos.com.br\/index.php?rest_route=\/wp\/v2\/product"}],"about":[{"href":"https:\/\/duartedepositoeacabamentos.com.br\/index.php?rest_route=\/wp\/v2\/types\/product"}],"wp:featuredmedia":[{"embeddable":true,"href":"https:\/\/duartedepositoeacabamentos.com.br\/index.php?rest_route=\/wp\/v2\/media\/104"}],"wp:attachment":[{"href":"https:\/\/duartedepositoeacabamentos.com.br\/index.php?rest_route=%2Fwp%2Fv2%2Fmedia&parent=47"}],"wp:term":[{"taxonomy":"product_brand","embeddable":true,"href":"https:\/\/duartedepositoeacabamentos.com.br\/index.php?rest_route=%2Fwp%2Fv2%2Fproduct_brand&post=47"},{"taxonomy":"product_cat","embeddable":true,"href":"https:\/\/duartedepositoeacabamentos.com.br\/index.php?rest_route=%2Fwp%2Fv2%2Fproduct_cat&post=47"},{"taxonomy":"product_tag","embeddable":true,"href":"https:\/\/duartedepositoeacabamentos.com.br\/index.php?rest_route=%2Fwp%2Fv2%2Fproduct_tag&post=47"}],"curies":[{"name":"wp","href":"https:\/\/api.w.org\/{rel}","templated":true}]}}