{"id":517,"date":"2024-12-18T13:40:01","date_gmt":"2024-12-18T16:40:01","guid":{"rendered":"https:\/\/duartedepositoeacabamentos.com.br\/?post_type=product&#038;p=517"},"modified":"2024-12-18T13:40:01","modified_gmt":"2024-12-18T16:40:01","slug":"base-registro-gaveta-docol-1-2-und-a-vista","status":"publish","type":"product","link":"https:\/\/duartedepositoeacabamentos.com.br\/?product=base-registro-gaveta-docol-1-2-und-a-vista","title":{"rendered":"BASE REGISTRO GAVETA DOCOL 1\/2&#8243; Und. (\u00c0 VISTA)"},"content":{"rendered":"<p>Valor promocional R$26.03 : \u00c0 VISTA<\/p>\n<p>Valor a prazo R$29.90 : AT\u00c9 10x NO CART\u00c3O<\/p>\n<p>&nbsp;<\/p>\n<p>OUTRAS BITOLAS BASE REGISTRO GAVETA:<\/p>\n<ul>\n<li>3\/4&#8243; DOCOL<\/li>\n<\/ul>\n<p>Valor promocional R$34.73 : \u00c0 VISTA<\/p>\n<p>Valor a prazo R$39.90 : AT\u00c9 10x NO CART\u00c3O<\/p>\n<p>&nbsp;<\/p>\n<ul>\n<li>1&#8243; DOCOL<\/li>\n<\/ul>\n<p>Valor promocional R$46.20 : \u00c0 VISTA<\/p>\n<p>Valor a prazo R$52.80 : AT\u00c9 10x NO CART\u00c3O<\/p>\n<p>&nbsp;<\/p>\n<ul>\n<li>1.1\/4&#8243; DOCOL<\/li>\n<\/ul>\n<p>Valor promocional R$69.55 : \u00c0 VISTA<\/p>\n<p>Valor a prazo R$79.90 : AT\u00c9 10x NO CART\u00c3O<\/p>\n<p>&nbsp;<\/p>\n<ul>\n<li>1.1\/2&#8243; TIGRE\/FABRIMAR<\/li>\n<\/ul>\n<p>Valor promocional R$99.93 : \u00c0 VISTA<\/p>\n<p>Valor a prazo R$114.80 : AT\u00c9 10x NO CART\u00c3O<\/p>\n<p>&nbsp;<\/p>\n","protected":false},"excerpt":{"rendered":"<p>Valor promocional R$26.03 : \u00c0 VISTA Valor a prazo R$29.90 : AT\u00c9 10x NO CART\u00c3O &nbsp; OUTRAS BITOLAS BASE REGISTRO GAVETA: 3\/4&#8243; DOCOL Valor promocional R$34.73 : \u00c0 VISTA Valor a prazo R$39.90 : AT\u00c9 10x NO CART\u00c3O &nbsp; 1&#8243; DOCOL Valor promocional R$46.20 : \u00c0 VISTA Valor a prazo R$52.80 : AT\u00c9 10x NO &hellip; <\/p>\n<p class=\"link-more\"><a href=\"https:\/\/duartedepositoeacabamentos.com.br\/?product=base-registro-gaveta-docol-1-2-und-a-vista\" class=\"more-link\">Continue reading<span class=\"screen-reader-text\"> &#8220;BASE REGISTRO GAVETA DOCOL 1\/2&#8243; Und. (\u00c0 VISTA)&#8221;<\/span><\/a><\/p>\n","protected":false},"featured_media":518,"template":"","meta":[],"product_brand":[],"product_cat":[15],"product_tag":[],"class_list":{"0":"post-517","1":"product","2":"type-product","3":"status-publish","4":"has-post-thumbnail","6":"product_cat-sem-categoria","8":"first","9":"instock","10":"sale","11":"shipping-taxable","12":"product-type-simple"},"_links":{"self":[{"href":"https:\/\/duartedepositoeacabamentos.com.br\/index.php?rest_route=\/wp\/v2\/product\/517","targetHints":{"allow":["GET"]}}],"collection":[{"href":"https:\/\/duartedepositoeacabamentos.com.br\/index.php?rest_route=\/wp\/v2\/product"}],"about":[{"href":"https:\/\/duartedepositoeacabamentos.com.br\/index.php?rest_route=\/wp\/v2\/types\/product"}],"wp:featuredmedia":[{"embeddable":true,"href":"https:\/\/duartedepositoeacabamentos.com.br\/index.php?rest_route=\/wp\/v2\/media\/518"}],"wp:attachment":[{"href":"https:\/\/duartedepositoeacabamentos.com.br\/index.php?rest_route=%2Fwp%2Fv2%2Fmedia&parent=517"}],"wp:term":[{"taxonomy":"product_brand","embeddable":true,"href":"https:\/\/duartedepositoeacabamentos.com.br\/index.php?rest_route=%2Fwp%2Fv2%2Fproduct_brand&post=517"},{"taxonomy":"product_cat","embeddable":true,"href":"https:\/\/duartedepositoeacabamentos.com.br\/index.php?rest_route=%2Fwp%2Fv2%2Fproduct_cat&post=517"},{"taxonomy":"product_tag","embeddable":true,"href":"https:\/\/duartedepositoeacabamentos.com.br\/index.php?rest_route=%2Fwp%2Fv2%2Fproduct_tag&post=517"}],"curies":[{"name":"wp","href":"https:\/\/api.w.org\/{rel}","templated":true}]}}