{"id":551,"date":"2024-12-26T14:33:29","date_gmt":"2024-12-26T17:33:29","guid":{"rendered":"https:\/\/duartedepositoeacabamentos.com.br\/?post_type=product&#038;p=551"},"modified":"2026-04-16T14:50:45","modified_gmt":"2026-04-16T17:50:45","slug":"porta-prancheta-frisada-luxo-mogno-210x60cm-und-a-vista","status":"publish","type":"product","link":"https:\/\/duartedepositoeacabamentos.com.br\/?product=porta-prancheta-frisada-luxo-mogno-210x60cm-und-a-vista","title":{"rendered":"PORTA PRANCHETA FRISADA LUXO MOGNO 210X60cm Und. (\u00c0 VISTA)"},"content":{"rendered":"<p>Valor promocional R$216.23: \u00c0 VISTA<\/p>\n<p>Valor a prazo R$248.40: AT\u00c9 10x NO CART\u00c3O<\/p>\n<p>&nbsp;<\/p>\n<p>OUTRAS MEDIDAS PORTA PRANCHETA FRISADA LUXO MOGNO \u00a0:<\/p>\n<ul>\n<li>210x70cm<\/li>\n<li>210x80cm<\/li>\n<\/ul>\n","protected":false},"excerpt":{"rendered":"<p>Valor promocional R$216.23: \u00c0 VISTA Valor a prazo R$248.40: AT\u00c9 10x NO CART\u00c3O &nbsp; OUTRAS MEDIDAS PORTA PRANCHETA FRISADA LUXO MOGNO \u00a0: 210x70cm 210x80cm<\/p>\n","protected":false},"featured_media":749,"template":"","meta":[],"product_brand":[],"product_cat":[32],"product_tag":[],"class_list":{"0":"post-551","1":"product","2":"type-product","3":"status-publish","4":"has-post-thumbnail","6":"product_cat-portas","8":"first","9":"instock","10":"sale","11":"shipping-taxable","12":"product-type-simple"},"_links":{"self":[{"href":"https:\/\/duartedepositoeacabamentos.com.br\/index.php?rest_route=\/wp\/v2\/product\/551","targetHints":{"allow":["GET"]}}],"collection":[{"href":"https:\/\/duartedepositoeacabamentos.com.br\/index.php?rest_route=\/wp\/v2\/product"}],"about":[{"href":"https:\/\/duartedepositoeacabamentos.com.br\/index.php?rest_route=\/wp\/v2\/types\/product"}],"wp:featuredmedia":[{"embeddable":true,"href":"https:\/\/duartedepositoeacabamentos.com.br\/index.php?rest_route=\/wp\/v2\/media\/749"}],"wp:attachment":[{"href":"https:\/\/duartedepositoeacabamentos.com.br\/index.php?rest_route=%2Fwp%2Fv2%2Fmedia&parent=551"}],"wp:term":[{"taxonomy":"product_brand","embeddable":true,"href":"https:\/\/duartedepositoeacabamentos.com.br\/index.php?rest_route=%2Fwp%2Fv2%2Fproduct_brand&post=551"},{"taxonomy":"product_cat","embeddable":true,"href":"https:\/\/duartedepositoeacabamentos.com.br\/index.php?rest_route=%2Fwp%2Fv2%2Fproduct_cat&post=551"},{"taxonomy":"product_tag","embeddable":true,"href":"https:\/\/duartedepositoeacabamentos.com.br\/index.php?rest_route=%2Fwp%2Fv2%2Fproduct_tag&post=551"}],"curies":[{"name":"wp","href":"https:\/\/api.w.org\/{rel}","templated":true}]}}